 1319. What is the remainder when o is divided by 22?
20
Suppose -4*i = -3*i - 3. Suppose 2*w = -3*y + i, y - 8 = w - 2. What is the remainder when 16 + (-1 - -4)/y is divided by 9?
8
Let v = -34 + 51. What is the remainder when 256/(-12)*3/(-2) is divided by v?
15
Let h = 1 + 3. Suppose -h*s + 25 = 3*u, -s - 5*u + 5 = 2*s. Calculate the remainder when s is divided by (1 - 7)/(6 - (-48)/(-6)).
1
Let o = 8 - -32. What is the remainder when o is divided by 22?
18
Suppose -3*t + 139 = 3*w + t, -3*t = -3*w + 111. Let l = 31 + -17. Calculate the remainder when w is divided by l.
13
Let u(h) = -h**2 + 8*h + 8. Let k(x) = 14*x + 7. What is the remainder when k(1) is divided by u(8)?
5
Suppose -22 - 59 = -5*l - 2*v, 0 = l - 3*v - 23. What is the remainder when 50 is divided by l?
16
Suppose 0*g - 80 = -4*g. Suppose 4*o - 3*a = 35, -3*o + 3*a = -36 + 12. What is the remainder when g is divided by o?
9
Suppose 5*c - 2*z = -3*z + 65, 4*c - 43 = z. Suppose -3*p + 79 - 13 = 0. Suppose 2*a + p = 3*a. Calculate the remainder when a is divided by c.
10
Suppose -3*v = b - 2*v - 16, b - 19 = -2*v. Suppose -2*n + 137 = -u, -4*n + 112 + 159 = -u. Let j = -42 + n. What is the remainder when j is divided by b?
12
Suppose -414 = -9*p - 9*p. What is the remainder when p is divided by 9?
5
Let v(y) = y**2 - 2*y + 3. What is the remainder when 11 is divided by v(2)?
2
Let m be (-2)/9 - 480/27. Let f = 1 - m. What is the remainder when 35 is divided by f?
16
Let j(o) = 6*o**2 - 4. What is the remainder when j(-5) is divided by 37?
35
Let c = 117 - 77. Calculate the remainder when c is divided by 22.
18
Suppose -s - 2*s - 78 = -2*j, -j + 39 = s. Let q = 1 - 1. Suppose q = -3*p + j + 3. Calculate the remainder when p is divided by 8.
6
What is the remainder when 103 is divided by (-2)/(-4)*26/(-6)*-6?
12
Suppose 2*t = 3*t. Suppose 3*q - 18 + t = 0. Calculate the remainder when 0 + (3 - -8*1) is divided by q.
5
Suppose 6*w = 4*w + 24. Let b = w + -8. Let f = 17 - 14. What is the remainder when b is divided by f?
1
Let i = -15 - -18. Suppose -8*h = 5*p - i*h - 5, -5*p - 2*h + 5 = 0. What is the remainder when 0 + 2/(3 + -1) is divided by p?
0
Let q(x) = 4*x + 1. Suppose -2*d = -4*d + 80. Calculate the remainder when d is divided by q(5).
19
Suppose 61 = 4*m - 123. Suppose -4*a - 6 = -m. Calculate the remainder when 37 is divided by a.
7
Let l(z) = z**2 + 5*z + 9. Let y be l(-7). Suppose 2*v + y = 5*q, 3*q - 19 = -3*v - v. Calculate the remainder when q is divided by 3.
2
Suppose 0 = 2*c - 6*c + 860. Calculate the remainder when c is divided by 36.
35
Let b(t) = t**2 + 14*t + 45. Suppose -u = x - 5, -13 = -2*u - 5*x + 12. Let v = u + 2. What is the remainder when b(-10) is divided by v?
1
Suppose 5*h - 5*k = 60, -h - 2*h + k + 42 = 0. Let o be (1 + (-3)/5)*h. What is the remainder when 12 is divided by o + ((-1)/(-1) - 0)?
5
Let z(n) = 17*n**3 - 4*n**2 - 5*n + 2. What is the remainder when z(3) is divided by 59?
56
Suppose -110 = -4*u + 110. What is the remainder when u is divided by 29?
26
Let y(x) = -x. Let b be y(5). Let q = b + 4. Calculate the remainder when 30 is divided by 15 - (q - 1)/2.
14
Let g be 0 + 2 - 1 - 10. Let a = g - -14. Calculate the remainder when 8 is divided by a.
3
Suppose -3*s = -2*w - w + 60, -5*s + 76 = 3*w. Calculate the remainder when 85 is divided by w.
19
Let d(u) = 54*u**3 - 5*u**2 - 5*u + 6. Let k(s) = s**2 + s - 1. Let g(w) = -d(w) - 6*k(w). What is the remainder when g(-1) is divided by 14?
12
Let w(a) = a**2 - 7*a - 4. Suppose -2*s + 2*u + 23 = s, -2*u = 2*s - 12. What is the remainder when s is divided by w(8)?
3
Let y(t) = 10*t - 42. What is the remainder when y(6) is divided by 5?
3
Let u(j) = 11*j - 11*j - 3 - 32*j. Suppose -9*c + 5*c - 28 = -2*l, -2*c + 82 = 5*l. Calculate the remainder when u(-2) is divided by l.
13
Suppose 26 = 3*s + 2*i - i, 5*i = -2*s. Let m be (12/s)/((-8)/(-860)). Suppose 2*o - 62 = n, 5*o + 5*n - m = 26. What is the remainder when o is divided by 16?
15
Let b = -23 - -35. Let p be b/5 - (-2)/(-5). Suppose g - p*n - 2*n = 36, 0 = -2*n + 2. What is the remainder when g is divided by 14?
12
Let d be (12/14)/((-10)/(-35)). Suppose -i - 15 = -2*i. Calculate the remainder when (1*180)/d + -3 is divided by i.
12
Suppose 3*t + 30 = 180. Suppose 5*a + 5*m = t, -2*a - 3*m + 26 = 2*m. What is the remainder when a is divided by 4?
0
Let m(p) = p + 6. Calculate the remainder when 57 is divided by m(9).
12
Suppose -2*z + 97 = 3*t + 1, 4*t + 4*z = 124. Calculate the remainder when 98 is divided by t.
30
Suppose -5 = -2*y + 3. Let t = 6 - y. Let b = 2 + -1. Calculate the remainder when t is divided by b.
0
Suppose -5*v + 4*k + 105 = 0, -3*v = -3*k + 7*k - 31. Calculate the remainder when v is divided by 5.
2
Suppose 0*t = 3*t. Let h = t - -25. Calculate the remainder when 99 is divided by h.
24
Suppose -w = -3*w + 44. Suppose 34 + w = 4*n. Calculate the remainder when n is divided by 5.
4
Let b = 75 + -38. Suppose -4*a = -3*a + 3*s - b, -15 = -3*s. Let z = a - -1. Calculate the remainder when z is divided by 8.
7
Suppose 5*f + 2*q - 150 = 0, -5*q + 75 - 190 = -5*f. Suppose 23 + f = 3*w. Calculate the remainder when w is divided by 6.
5
Suppose 4*b + 8 = 0, 2*o - 1 = o + 3*b. Let l(k) be the second derivative of -k**4/12 - 7*k**3/6 - k. Calculate the remainder when 28 is divided by l(o).
8
Suppose 0 = 5*y + 5*t - 45, -23 = -3*y + 4*t - 3*t. Suppose 4*p + 4*u - 76 = 0, 3*u + 16 = 2*p - 2. Calculate the remainder when p is divided by y.
7
Suppose -q + 2*q - 80 = 0. Calculate the remainder when q is divided by 27.
26
Let k = -16 - -10. Suppose -i + 5*l = -29, -4*i = 2*l - 20 - 8. Let a = k + i. What is the remainder when 7 is divided by a?
1
Let x(p) = p. Calculate the remainder when x(2) is divided by 0 + 2/4*2.
0
Let o be (6 - 1)/(3 + -2). Let h = o + -4. Calculate the remainder when h is divided by 1.
0
Let o(j) = -2*j - 2. Let u(b) = 3*b + 3. Let d be u(-3). Calculate the remainder when 39 is divided by o(d).
9
Let q = 39 + -17. Calculate the remainder when 64 is divided by q.
20
Suppose -l - 2*y + 7*y = -10, 3*l - 14 = -y. What is the remainder when 5 is divided by l?
0
Let c = -80 + 86. Let k = 20 + -11. Calculate the remainder when k is divided by c.
3
Suppose -c - 36 = -43. Calculate the remainder when 33 is divided by c.
5
Calculate the remainder when 95 is divided by (66/(-8))/((-4)/16).
29
Let b = -13 + 18. Let n = 9 + -5. Suppose b*v - 85 = -n*g, v = 4*g - 8*g + 33. What is the remainder when 24 is divided by v?
11
Let n(t) = -t**3 + 5*t**2 + 7*t - 1. Suppose u = 5*u - 20. Calculate the remainder when n(u) is divided by 12.
10
What is the remainder when 64 is divided by (5 - 0)*(-66)/(-15)?
20
What is the remainder when 22 is divided by (-2)/3*(-17 - 1)?
10
Let g = -109 - -117. Calculate the remainder when 20 is divided by g.
4
Let x(z) = z + 7. Let b(f) = -1. Let h(t) = 4*b(t) + x(t). Let u be 7 + -1*2*1. What is the remainder when h(u) is divided by 3?
2
Suppose -3*d + 1 = -17. Suppose 2*w = d*w - 12. Calculate the remainder when 10 is divided by w.
1
Let n(i) = -i**3 - 10*i**2 + 21*i - 12. What is the remainder when n(-12) is divided by 13?
11
Let s(p) = 3*p**2 - 2*p. What is the remainder when 61 is divided by s(3)?
19
Let l = 18 - -28. What is the remainder when l is divided by 12?
10
Suppose -3 = 2*o - 3*o. Suppose o*l - 2 = i, 0*l - l = -5. What is the remainder when i is divided by 7?
6
Let g(h) = 19*h**2 - 1. Let c be g(1). Let w = c - 13. Suppose 8 - 63 = -w*s. What is the remainder when s is divided by 6?
5
Suppose 4*r = -0*r - 28. Let s = r - -10. Calculate the remainder when 8 is divided by s.
2
Let w(g) = -g**3 - 13*g**2 - 13*g + 1. Calculate the remainder when 47 is divided by w(-12).
8
Let l(x) = -x**2 - 8*x + 3. Let w(n) = 2*n + 6. Let u be w(-6). Calculate the remainder when (-57)/(-2) + 1/2 is divided by l(u).
14
Let p = -9 - -14. What is the remainder when (-328)/(-40) + (-1)/p is divided by 3?
2
Suppose n - 31 = 2. Suppose 6*u - n = 5*u. What is the remainder when u is divided by 12?
9
Let f be (3/(-6))/((-3)/144). Suppose -2*n + 2 = -f. Calculate the remainder when 24 is divided by n.
11
Suppose -3*l - 2*l = 710. Let s = -68 - l. What is the remainder when s is divided by 25?
24
Suppose -c + 